{"id":75138,"date":"2017-09-22T17:28:40","date_gmt":"2017-09-22T17:28:40","guid":{"rendered":"https:\/\/arteleste.com.br\/?page_id=75138"},"modified":"2024-08-15T09:53:20","modified_gmt":"2024-08-15T12:53:20","slug":"missao-visao-valores","status":"publish","type":"page","link":"http:\/\/arteleste.com.br\/?page_id=75138","title":{"rendered":"Miss\u00e3o, vis\u00e3o e valores"},"content":{"rendered":"<p>[vc_row css=&#8221;.vc_custom_1433564201242{margin-top: 20px !important;margin-bottom: 70px !important;}&#8221;][vc_column width=&#8221;1\/4&#8243;][vc_column_text][vc_widget_sidebar sidebar_id=&#8221;sidebar&#8221;][\/vc_column_text][\/vc_column][vc_column width=&#8221;3\/4&#8243;][vc_custom_heading text=&#8221;NOSSA MISS\u00c3O&#8221; font_container=&#8221;tag:h2|font_size:20|text_align:left|color:%23111111&#8243; el_class=&#8221;heading-title-3&#8243; css=&#8221;.vc_custom_1506098114598{margin-top: 30px !important;}&#8221;][vc_row_inner el_class=&#8221;align-center .certifications-block&#8221;][vc_column_inner width=&#8221;1\/3&#8243;][vc_column_text]<img loading=\"lazy\" decoding=\"async\" class=\"alignnone size-full wp-image-75213\" src=\"https:\/\/arteleste.com.br\/wp-content\/uploads\/2017\/09\/4f462b418831c.jpg\" alt=\"\" width=\"260\" height=\"195\" \/><img loading=\"lazy\" decoding=\"async\" class=\"alignnone wp-image-75217\" src=\"https:\/\/arteleste.com.br\/wp-content\/uploads\/2017\/09\/4ef4b345e812d.jpg\" alt=\"\" width=\"240\" height=\"180\" \/><\/p>\n<h4>QUALIDADE<\/h4>\n<p>Qualidade \u00e9 fundamental para o sucesso do nosso neg\u00f3cio. Satisfaz o cliente, evita o retrabalho e \u00a0\u00e9 o reflexo do que somos por dentro de nossa organiza\u00e7\u00e3o.[\/vc_column_text][\/vc_column_inner][vc_column_inner width=&#8221;1\/3&#8243;][vc_column_text]<img decoding=\"async\" src=\"http:\/\/structure.thememove.com\/data\/homev2\/about04.jpg\" alt=\"\" \/><\/p>\n<h4>RENTABILIDADE<\/h4>\n<p>Toda empresa procura rentabilidade, conseguimos isto com uma estrutura enxuta e com tecnologia, assim podemos fazer um pre\u00e7o mais baixo ao nossos clientes e melhores sal\u00e1rios a nossos colaboradores.[\/vc_column_text][\/vc_column_inner][vc_column_inner width=&#8221;1\/3&#8243;][vc_column_text]<img decoding=\"async\" src=\"http:\/\/structure.thememove.com\/data\/homev2\/about05.jpg\" alt=\"\" \/><\/p>\n<h4>EFIC\u00c1CIA<\/h4>\n<p>Tudo isso em procura da efic\u00e1cia, que \u00e9 alcan\u00e7ar o objetivo desejado.[\/vc_column_text][\/vc_column_inner][\/vc_row_inner][vc_custom_heading text=&#8221;NOSSA POL\u00cdTICA&#8221; font_container=&#8221;tag:h2|font_size:20|text_align:left|color:%23111111&#8243; el_class=&#8221;heading-title-3&#8243; css=&#8221;.vc_custom_1723726148437{margin-top: 30px !important;}&#8221;][vc_column_text]Com o seu sistema de Gest\u00e3o da Qualidade, a <strong>Arteleste Constru\u00e7\u00f5es Ltda.<\/strong>, empresa que atua em projetos e exceu\u00e7\u00e3o de Obras de Arte Especiais tem o compromisso de:<\/p>\n<p><strong>&#8220;Satisfazer as necessidades de nossos clientes, nas quest\u00f5es que envolvam:<\/strong><\/p>\n<ul>\n<li><strong>Qualidade;<\/strong><\/li>\n<li><strong>Atendimento;<\/strong><\/li>\n<li><strong>Cumprimento de Prazos;<\/strong><\/li>\n<li><strong>Respeito ao Meio Ambiente e \u00e0 Seguran\u00e7a do Trabalho;<\/strong><\/li>\n<\/ul>\n<p><strong>com pessoal qualificado, utilizando a melhor tecnologia dispon\u00edvel e buscando sempre a Melhoria Cont\u00ednua.<\/strong>[\/vc_column_text][vc_custom_heading text=&#8221;NOSSA VIS\u00c3O&#8221; font_container=&#8221;tag:h2|font_size:20|text_align:left|color:%23111111&#8243; el_class=&#8221;heading-title-3&#8243; css=&#8221;.vc_custom_1506099406368{margin-top: 30px !important;}&#8221;][vc_column_text]Ser reconhecida no mercado brasileiro como uma das melhores empresas no ramo de constru\u00e7\u00e3o pesada, especializada em execu\u00e7\u00e3o de obras de arte especiais.[\/vc_column_text][vc_custom_heading text=&#8221;NOSSOS VALORES&#8221; font_container=&#8221;tag:h2|font_size:20|text_align:left|color:%23111111&#8243; el_class=&#8221;heading-title-3&#8243; css=&#8221;.vc_custom_1506099845204{margin-top: 30px !important;}&#8221;][vc_row_inner el_class=&#8221;align-center .certifications-block&#8221;][vc_column_inner width=&#8221;1\/2&#8243;][vc_column_text]<img loading=\"lazy\" decoding=\"async\" class=\"size-medium\" src=\"https:\/\/arteleste.com.br\/wp-content\/uploads\/2015\/05\/c1.png\" width=\"80\" height=\"80\" \/><\/p>\n<h4>AGILIDADE<\/h4>\n<p>[\/vc_column_text][\/vc_column_inner][vc_column_inner width=&#8221;1\/2&#8243;][vc_column_text]<img loading=\"lazy\" decoding=\"async\" class=\"alignnone size-medium\" src=\"https:\/\/arteleste.com.br\/wp-content\/uploads\/2015\/05\/c8.png\" width=\"80\" height=\"80\" \/><\/p>\n<h4>ENTUSIASMO<\/h4>\n<p>[\/vc_column_text][\/vc_column_inner][\/vc_row_inner][vc_row_inner el_class=&#8221;align-center .certifications-block&#8221;][vc_column_inner width=&#8221;1\/2&#8243;][vc_column_text]<img loading=\"lazy\" decoding=\"async\" class=\"alignnone size-medium\" src=\"https:\/\/arteleste.com.br\/wp-content\/uploads\/2015\/05\/c5.png\" width=\"80\" height=\"80\" \/><\/p>\n<h4>SATISFA\u00c7\u00c3O DO CLIENTE<\/h4>\n<p>[\/vc_column_text][\/vc_column_inner][vc_column_inner width=&#8221;1\/2&#8243;][vc_column_text]<img loading=\"lazy\" decoding=\"async\" class=\"alignnone size-medium\" src=\"https:\/\/arteleste.com.br\/wp-content\/uploads\/2015\/05\/c2.png\" width=\"80\" height=\"80\" \/><\/p>\n<h4>LEALDADE<\/h4>\n<p>[\/vc_column_text][\/vc_column_inner][\/vc_row_inner][vc_row_inner el_class=&#8221;align-center .certifications-block&#8221;][vc_column_inner width=&#8221;1\/2&#8243;][vc_column_text]<img loading=\"lazy\" decoding=\"async\" class=\"alignnone size-medium\" src=\"https:\/\/arteleste.com.br\/wp-content\/uploads\/2015\/05\/c3.png\" width=\"80\" height=\"80\" \/><\/p>\n<h4>\u00c9TICA<\/h4>\n<p>[\/vc_column_text][\/vc_column_inner][vc_column_inner width=&#8221;1\/2&#8243;][vc_column_text]<img loading=\"lazy\" decoding=\"async\" class=\"alignnone size-medium\" src=\"https:\/\/arteleste.com.br\/wp-content\/uploads\/2015\/05\/c7.png\" width=\"80\" height=\"80\" \/><\/p>\n<h4>TECNOLOGIA E QUALIDADE<\/h4>\n<p>[\/vc_column_text][\/vc_column_inner][\/vc_row_inner][\/vc_column][\/vc_row]<\/p>\n","protected":false},"excerpt":{"rendered":"<p>[vc_row css=&#8221;.vc_custom_1433564201242{margin-top: 20px !important;margin-bottom: 70px !important;}&#8221;][vc_column width=&#8221;1\/4&#8243;][vc_column_text][vc_widget_sidebar sidebar_id=&#8221;sidebar&#8221;][\/vc_column_text][\/vc_column][vc_column width=&#8221;3\/4&#8243;][vc_custom_heading text=&#8221;NOSSA MISS\u00c3O&#8221; font_container=&#8221;tag:h2|font_size:20|text_align:left|color:%23111111&#8243; el_class=&#8221;heading-title-3&#8243; css=&#8221;.vc_custom_1506098114598{margin-top: 30px !important;}&#8221;][vc_row_inner el_class=&#8221;align-center .certifications-block&#8221;][vc_column_inner width=&#8221;1\/3&#8243;][vc_column_text] QUALIDADE Qualidade \u00e9 fundamental para o sucesso do nosso neg\u00f3cio. Satisfaz o cliente, evita o retrabalho e \u00a0\u00e9 o reflexo do que somos por dentro de nossa organiza\u00e7\u00e3o.[\/vc_column_text][\/vc_column_inner][vc_column_inner width=&#8221;1\/3&#8243;][vc_column_text] RENTABILIDADE Toda empresa procura rentabilidade, conseguimos isto [&hellip;]<\/p>\n","protected":false},"author":1,"featured_media":0,"parent":61,"menu_order":1,"comment_status":"closed","ping_status":"closed","template":"","meta":{"footnotes":""},"class_list":["post-75138","page","type-page","status-publish","hentry"],"yoast_head":"<!-- This site is optimized with the Yoast SEO plugin v25.1 - https:\/\/yoast.com\/wordpress\/plugins\/seo\/ -->\n<title>Miss\u00e3o, vis\u00e3o e valores - Arteleste Constru\u00e7\u00f5es<\/title>\n<meta name=\"robots\" content=\"index, follow, max-snippet:-1, max-image-preview:large, max-video-preview:-1\" \/>\n<link rel=\"canonical\" href=\"https:\/\/arteleste.com.br\/?page_id=75138\" \/>\n<meta property=\"og:locale\" content=\"pt_BR\" \/>\n<meta property=\"og:type\" content=\"article\" \/>\n<meta property=\"og:title\" content=\"Miss\u00e3o, vis\u00e3o e valores - Arteleste Constru\u00e7\u00f5es\" \/>\n<meta property=\"og:description\" content=\"[vc_row css=&#8221;.vc_custom_1433564201242{margin-top: 20px !important;margin-bottom: 70px !important;}&#8221;][vc_column width=&#8221;1\/4&#8243;][vc_column_text][vc_widget_sidebar sidebar_id=&#8221;sidebar&#8221;][\/vc_column_text][\/vc_column][vc_column width=&#8221;3\/4&#8243;][vc_custom_heading text=&#8221;NOSSA MISS\u00c3O&#8221; font_container=&#8221;tag:h2|font_size:20|text_align:left|color:%23111111&#8243; el_class=&#8221;heading-title-3&#8243; css=&#8221;.vc_custom_1506098114598{margin-top: 30px !important;}&#8221;][vc_row_inner el_class=&#8221;align-center .certifications-block&#8221;][vc_column_inner width=&#8221;1\/3&#8243;][vc_column_text] QUALIDADE Qualidade \u00e9 fundamental para o sucesso do nosso neg\u00f3cio. Satisfaz o cliente, evita o retrabalho e \u00a0\u00e9 o reflexo do que somos por dentro de nossa organiza\u00e7\u00e3o.[\/vc_column_text][\/vc_column_inner][vc_column_inner width=&#8221;1\/3&#8243;][vc_column_text] RENTABILIDADE Toda empresa procura rentabilidade, conseguimos isto [&hellip;]\" \/>\n<meta property=\"og:url\" content=\"https:\/\/arteleste.com.br\/?page_id=75138\" \/>\n<meta property=\"og:site_name\" content=\"Arteleste Constru\u00e7\u00f5es\" \/>\n<meta property=\"article:publisher\" content=\"https:\/\/www.facebook.com\/Arteleste.Brasil\" \/>\n<meta property=\"article:modified_time\" content=\"2024-08-15T12:53:20+00:00\" \/>\n<meta property=\"og:image\" content=\"https:\/\/arteleste.com.br\/wp-content\/uploads\/2017\/09\/4f462b418831c.jpg\" \/>\n<meta name=\"twitter:card\" content=\"summary_large_image\" \/>\n<meta name=\"twitter:label1\" content=\"Est. tempo de leitura\" \/>\n\t<meta name=\"twitter:data1\" content=\"2 minutos\" \/>\n<script type=\"application\/ld+json\" class=\"yoast-schema-graph\">{\"@context\":\"https:\/\/schema.org\",\"@graph\":[{\"@type\":\"WebPage\",\"@id\":\"https:\/\/arteleste.com.br\/?page_id=75138\",\"url\":\"https:\/\/arteleste.com.br\/?page_id=75138\",\"name\":\"Miss\u00e3o, vis\u00e3o e valores - Arteleste Constru\u00e7\u00f5es\",\"isPartOf\":{\"@id\":\"http:\/\/arteleste.com.br\/#website\"},\"primaryImageOfPage\":{\"@id\":\"https:\/\/arteleste.com.br\/?page_id=75138#primaryimage\"},\"image\":{\"@id\":\"https:\/\/arteleste.com.br\/?page_id=75138#primaryimage\"},\"thumbnailUrl\":\"https:\/\/arteleste.com.br\/wp-content\/uploads\/2017\/09\/4f462b418831c.jpg\",\"datePublished\":\"2017-09-22T17:28:40+00:00\",\"dateModified\":\"2024-08-15T12:53:20+00:00\",\"breadcrumb\":{\"@id\":\"https:\/\/arteleste.com.br\/?page_id=75138#breadcrumb\"},\"inLanguage\":\"pt-BR\",\"potentialAction\":[{\"@type\":\"ReadAction\",\"target\":[\"https:\/\/arteleste.com.br\/?page_id=75138\"]}]},{\"@type\":\"ImageObject\",\"inLanguage\":\"pt-BR\",\"@id\":\"https:\/\/arteleste.com.br\/?page_id=75138#primaryimage\",\"url\":\"\",\"contentUrl\":\"\"},{\"@type\":\"BreadcrumbList\",\"@id\":\"https:\/\/arteleste.com.br\/?page_id=75138#breadcrumb\",\"itemListElement\":[{\"@type\":\"ListItem\",\"position\":1,\"name\":\"In\u00edcio\",\"item\":\"http:\/\/arteleste.com.br\/\"},{\"@type\":\"ListItem\",\"position\":2,\"name\":\"A Empresa\",\"item\":\"https:\/\/arteleste.com.br\/?page_id=61\"},{\"@type\":\"ListItem\",\"position\":3,\"name\":\"Miss\u00e3o, vis\u00e3o e valores\"}]},{\"@type\":\"WebSite\",\"@id\":\"http:\/\/arteleste.com.br\/#website\",\"url\":\"http:\/\/arteleste.com.br\/\",\"name\":\"Arteleste Constru\u00e7\u00f5es\",\"description\":\"Constru\u00e7\u00f5es pesadas, especializada em obras de arte especiais e infra-estrutura.\",\"potentialAction\":[{\"@type\":\"SearchAction\",\"target\":{\"@type\":\"EntryPoint\",\"urlTemplate\":\"http:\/\/arteleste.com.br\/?s={search_term_string}\"},\"query-input\":{\"@type\":\"PropertyValueSpecification\",\"valueRequired\":true,\"valueName\":\"search_term_string\"}}],\"inLanguage\":\"pt-BR\"}]}<\/script>\n<!-- \/ Yoast SEO plugin. -->","yoast_head_json":{"title":"Miss\u00e3o, vis\u00e3o e valores - Arteleste Constru\u00e7\u00f5es","robots":{"index":"index","follow":"follow","max-snippet":"max-snippet:-1","max-image-preview":"max-image-preview:large","max-video-preview":"max-video-preview:-1"},"canonical":"https:\/\/arteleste.com.br\/?page_id=75138","og_locale":"pt_BR","og_type":"article","og_title":"Miss\u00e3o, vis\u00e3o e valores - Arteleste Constru\u00e7\u00f5es","og_description":"[vc_row css=&#8221;.vc_custom_1433564201242{margin-top: 20px !important;margin-bottom: 70px !important;}&#8221;][vc_column width=&#8221;1\/4&#8243;][vc_column_text][vc_widget_sidebar sidebar_id=&#8221;sidebar&#8221;][\/vc_column_text][\/vc_column][vc_column width=&#8221;3\/4&#8243;][vc_custom_heading text=&#8221;NOSSA MISS\u00c3O&#8221; font_container=&#8221;tag:h2|font_size:20|text_align:left|color:%23111111&#8243; el_class=&#8221;heading-title-3&#8243; css=&#8221;.vc_custom_1506098114598{margin-top: 30px !important;}&#8221;][vc_row_inner el_class=&#8221;align-center .certifications-block&#8221;][vc_column_inner width=&#8221;1\/3&#8243;][vc_column_text] QUALIDADE Qualidade \u00e9 fundamental para o sucesso do nosso neg\u00f3cio. Satisfaz o cliente, evita o retrabalho e \u00a0\u00e9 o reflexo do que somos por dentro de nossa organiza\u00e7\u00e3o.[\/vc_column_text][\/vc_column_inner][vc_column_inner width=&#8221;1\/3&#8243;][vc_column_text] RENTABILIDADE Toda empresa procura rentabilidade, conseguimos isto [&hellip;]","og_url":"https:\/\/arteleste.com.br\/?page_id=75138","og_site_name":"Arteleste Constru\u00e7\u00f5es","article_publisher":"https:\/\/www.facebook.com\/Arteleste.Brasil","article_modified_time":"2024-08-15T12:53:20+00:00","og_image":[{"url":"https:\/\/arteleste.com.br\/wp-content\/uploads\/2017\/09\/4f462b418831c.jpg","type":"","width":"","height":""}],"twitter_card":"summary_large_image","twitter_misc":{"Est. tempo de leitura":"2 minutos"},"schema":{"@context":"https:\/\/schema.org","@graph":[{"@type":"WebPage","@id":"https:\/\/arteleste.com.br\/?page_id=75138","url":"https:\/\/arteleste.com.br\/?page_id=75138","name":"Miss\u00e3o, vis\u00e3o e valores - Arteleste Constru\u00e7\u00f5es","isPartOf":{"@id":"http:\/\/arteleste.com.br\/#website"},"primaryImageOfPage":{"@id":"https:\/\/arteleste.com.br\/?page_id=75138#primaryimage"},"image":{"@id":"https:\/\/arteleste.com.br\/?page_id=75138#primaryimage"},"thumbnailUrl":"https:\/\/arteleste.com.br\/wp-content\/uploads\/2017\/09\/4f462b418831c.jpg","datePublished":"2017-09-22T17:28:40+00:00","dateModified":"2024-08-15T12:53:20+00:00","breadcrumb":{"@id":"https:\/\/arteleste.com.br\/?page_id=75138#breadcrumb"},"inLanguage":"pt-BR","potentialAction":[{"@type":"ReadAction","target":["https:\/\/arteleste.com.br\/?page_id=75138"]}]},{"@type":"ImageObject","inLanguage":"pt-BR","@id":"https:\/\/arteleste.com.br\/?page_id=75138#primaryimage","url":"","contentUrl":""},{"@type":"BreadcrumbList","@id":"https:\/\/arteleste.com.br\/?page_id=75138#breadcrumb","itemListElement":[{"@type":"ListItem","position":1,"name":"In\u00edcio","item":"http:\/\/arteleste.com.br\/"},{"@type":"ListItem","position":2,"name":"A Empresa","item":"https:\/\/arteleste.com.br\/?page_id=61"},{"@type":"ListItem","position":3,"name":"Miss\u00e3o, vis\u00e3o e valores"}]},{"@type":"WebSite","@id":"http:\/\/arteleste.com.br\/#website","url":"http:\/\/arteleste.com.br\/","name":"Arteleste Constru\u00e7\u00f5es","description":"Constru\u00e7\u00f5es pesadas, especializada em obras de arte especiais e infra-estrutura.","potentialAction":[{"@type":"SearchAction","target":{"@type":"EntryPoint","urlTemplate":"http:\/\/arteleste.com.br\/?s={search_term_string}"},"query-input":{"@type":"PropertyValueSpecification","valueRequired":true,"valueName":"search_term_string"}}],"inLanguage":"pt-BR"}]}},"_links":{"self":[{"href":"http:\/\/arteleste.com.br\/index.php?rest_route=\/wp\/v2\/pages\/75138","targetHints":{"allow":["GET"]}}],"collection":[{"href":"http:\/\/arteleste.com.br\/index.php?rest_route=\/wp\/v2\/pages"}],"about":[{"href":"http:\/\/arteleste.com.br\/index.php?rest_route=\/wp\/v2\/types\/page"}],"author":[{"embeddable":true,"href":"http:\/\/arteleste.com.br\/index.php?rest_route=\/wp\/v2\/users\/1"}],"replies":[{"embeddable":true,"href":"http:\/\/arteleste.com.br\/index.php?rest_route=%2Fwp%2Fv2%2Fcomments&post=75138"}],"version-history":[{"count":16,"href":"http:\/\/arteleste.com.br\/index.php?rest_route=\/wp\/v2\/pages\/75138\/revisions"}],"predecessor-version":[{"id":75887,"href":"http:\/\/arteleste.com.br\/index.php?rest_route=\/wp\/v2\/pages\/75138\/revisions\/75887"}],"up":[{"embeddable":true,"href":"http:\/\/arteleste.com.br\/index.php?rest_route=\/wp\/v2\/pages\/61"}],"wp:attachment":[{"href":"http:\/\/arteleste.com.br\/index.php?rest_route=%2Fwp%2Fv2%2Fmedia&parent=75138"}],"curies":[{"name":"wp","href":"https:\/\/api.w.org\/{rel}","templated":true}]}}