{"id":73958,"date":"2015-05-28T14:54:07","date_gmt":"2015-05-28T14:54:07","guid":{"rendered":"http:\/\/structure.thememove.com\/?page_id=73958"},"modified":"2023-04-18T13:13:30","modified_gmt":"2023-04-18T16:13:30","slug":"sobre-nos","status":"publish","type":"page","link":"http:\/\/arteleste.com.br\/?page_id=73958","title":{"rendered":"Sobre N\u00f3s"},"content":{"rendered":"<p>[vc_row css=&#8221;.vc_custom_1433564288626{margin-top: 20px !important;margin-bottom: 70px !important;}&#8221;][vc_column width=&#8221;1\/4&#8243;][vc_column_text][vc_widget_sidebar sidebar_id=&#8221;sidebar&#8221;][\/vc_column_text][\/vc_column][vc_column width=&#8221;3\/4&#8243;][vc_row_inner css=&#8221;.vc_custom_1433820342606{margin-bottom: 0px !important;}&#8221;][vc_column_inner width=&#8221;1\/2&#8243; css=&#8221;.vc_custom_1433820353046{margin-bottom: 50px !important;}&#8221;][vc_custom_heading text=&#8221;QUEM SOMOS N\u00d3S?&#8221; font_container=&#8221;tag:h2|font_size:20|text_align:left&#8221; el_class=&#8221;heading-title-3&#8243;][vc_column_text]<img loading=\"lazy\" decoding=\"async\" class=\"alignnone size-full wp-image-75234\" src=\"https:\/\/arteleste.com.br\/wp-content\/uploads\/2015\/05\/foto-thiago.jpg\" alt=\"\" width=\"420\" height=\"280\" srcset=\"http:\/\/arteleste.com.br\/wp-content\/uploads\/2015\/05\/foto-thiago.jpg 420w, http:\/\/arteleste.com.br\/wp-content\/uploads\/2015\/05\/foto-thiago-300x200.jpg 300w\" sizes=\"auto, (max-width: 420px) 100vw, 420px\" \/><\/p>\n<p>Desde sua funda\u00e7\u00e3o, a Arteleste tem constru\u00eddo sua reputa\u00e7\u00e3o como uma executora\u00a0 obras de arte especiais e obras pesadas em geral. O Sucesso da Arteleste est\u00e1 na dedica\u00e7\u00e3o da empresa em satisfazer seus clientes e trazer qualidade de vida aos seus funcion\u00e1rios.[\/vc_column_text][\/vc_column_inner][vc_column_inner width=&#8221;1\/2&#8243; css=&#8221;.vc_custom_1433820365597{margin-bottom: 50px !important;}&#8221;][vc_custom_heading text=&#8221;&#8221; font_container=&#8221;tag:h2|font_size:20|text_align:left&#8221; el_class=&#8221;heading-title-3&#8243;][vc_column_text]<img loading=\"lazy\" decoding=\"async\" class=\"alignnone wp-image-75867\" src=\"https:\/\/arteleste.com.br\/wp-content\/uploads\/2023\/04\/Imagem1.png\" alt=\"\" width=\"372\" height=\"279\" srcset=\"http:\/\/arteleste.com.br\/wp-content\/uploads\/2023\/04\/Imagem1.png 1280w, http:\/\/arteleste.com.br\/wp-content\/uploads\/2023\/04\/Imagem1-300x225.png 300w, http:\/\/arteleste.com.br\/wp-content\/uploads\/2023\/04\/Imagem1-1024x768.png 1024w, http:\/\/arteleste.com.br\/wp-content\/uploads\/2023\/04\/Imagem1-768x576.png 768w\" sizes=\"auto, (max-width: 372px) 100vw, 372px\" \/><\/p>\n<p>Estamos Sediados em S\u00e3o Jos\u00e9 dos Pinhais-PR, foi fundada em 1981 por T\u00falio Gabriel de Carvalho Beltr\u00e3o e Carlos Pedro Macho Fischer. Hoje \u00e9 uma empresa com &#8220;know how&#8221; em pontes, viadutos, passarelas e obras de arte especial em geral.[\/vc_column_text][\/vc_column_inner][\/vc_row_inner][vc_custom_heading text=&#8221;HIST\u00d3RIA&#8221; font_container=&#8221;tag:h2|font_size:20|text_align:left&#8221; el_class=&#8221;heading-title-3&#8243;][vc_row_inner css=&#8221;.vc_custom_1433388646038{margin-bottom: 20px !important;}&#8221; el_class=&#8221;history-page&#8221;][vc_column_inner width=&#8221;1\/4&#8243;][vc_column_text]<img loading=\"lazy\" decoding=\"async\" class=\"alignnone size-full wp-image-75238\" src=\"https:\/\/arteleste.com.br\/wp-content\/uploads\/2015\/05\/black-white-ConvertImage.jpg\" alt=\"\" width=\"200\" height=\"134\" \/>[\/vc_column_text][\/vc_column_inner][vc_column_inner width=&#8221;3\/4&#8243;][vc_column_text el_class=&#8221;history&#8221;]<\/p>\n<h3><em>1981<\/em>\u00a0. A ARTELESTE FOI FUNDADA<\/h3>\n<p>A ARTELESTE foi fundada, pelos s\u00f3cios Carlos Pedro Macho Fischer e T\u00falio Gabriel Beltr\u00e3o Carvalho, come\u00e7ando com obras na Rede Ferrovi\u00e1ria Federal S.A., depois expandido seus servi\u00e7os para obras de arte especiais, conten\u00e7\u00f5es e obras pesadas em geral.[\/vc_column_text][\/vc_column_inner][\/vc_row_inner][vc_row_inner css=&#8221;.vc_custom_1433388632845{margin-bottom: 20px !important;}&#8221; el_class=&#8221;history-page&#8221;][vc_column_inner width=&#8221;1\/4&#8243;][vc_column_text]<img loading=\"lazy\" decoding=\"async\" class=\"alignnone size-full wp-image-75240\" src=\"https:\/\/arteleste.com.br\/wp-content\/uploads\/2015\/05\/mandar-pro-site.jpg\" alt=\"\" width=\"200\" height=\"134\" \/>[\/vc_column_text][\/vc_column_inner][vc_column_inner width=&#8221;3\/4&#8243;][vc_column_text el_class=&#8221;history&#8221;]<\/p>\n<h3><em>1987<\/em>\u00a0. A ARTELESTE ESTA CRESCENDO<\/h3>\n<p>A Arteleste continua crescendo, fazendo obras maiores, apesar da situa\u00e7\u00e3o econ\u00f4mica brasileira, com sua efic\u00e1cia e qualidade.[\/vc_column_text][\/vc_column_inner][\/vc_row_inner][vc_row_inner css=&#8221;.vc_custom_1433388625923{margin-bottom: 20px !important;}&#8221; el_class=&#8221;history-page&#8221;][vc_column_inner width=&#8221;1\/4&#8243;][vc_column_text]<img loading=\"lazy\" decoding=\"async\" class=\"alignnone size-full wp-image-75242\" src=\"https:\/\/arteleste.com.br\/wp-content\/uploads\/2015\/05\/pegar.jpg\" alt=\"\" width=\"200\" height=\"134\" \/>[\/vc_column_text][\/vc_column_inner][vc_column_inner width=&#8221;3\/4&#8243;][vc_column_text el_class=&#8221;history&#8221;]<\/p>\n<h3><em>2010.<\/em>\u00a0UM DOS LIDERES EM OBRAS DE OBRA DE ARTE ESPECIAL NO BRASIL<\/h3>\n<p>[\/vc_column_text][\/vc_column_inner][\/vc_row_inner][vc_custom_heading text=&#8221;S\u00d3CIOS ADMINISTRADORES&#8221; font_container=&#8221;tag:h2|font_size:20|text_align:left&#8221; el_class=&#8221;heading-title-3&#8243;][vc_column_text css=&#8221;.vc_custom_1618667008882{margin-top: -10px !important;margin-bottom: 30px !important;}&#8221;]<\/p>\n<p style=\"text-align: center;\">A Arteleste consiste\u00a0 de pessoas talentosas as quais fazem a Arteleste o que ela \u00e9 hoje.<\/p>\n<p>[\/vc_column_text][vc_row_inner el_class=&#8221;align-center people&#8221;][vc_column_inner width=&#8221;1\/2&#8243;][vc_column_text]<\/p>\n<h4>TULIO GABRIEL BELTR\u00c3O CARVALHO<\/h4>\n<p><i>S\u00f3cio Diretor<\/i>[\/vc_column_text][vc_column_text]<\/p>\n<div class=\"social\"><\/div>\n<p>[\/vc_column_text][\/vc_column_inner][vc_column_inner width=&#8221;1\/2&#8243;][vc_column_text]<\/p>\n<h4>CARLOS PEDRO MACHO FISCHER<\/h4>\n<p><i>S\u00f3cio Diretor<\/i>[\/vc_column_text][vc_column_text]<\/p>\n<div class=\"social\"><\/div>\n<p>[\/vc_column_text][\/vc_column_inner][\/vc_row_inner][\/vc_column][\/vc_row]<\/p>\n","protected":false},"excerpt":{"rendered":"<p>[vc_row css=&#8221;.vc_custom_1433564288626{margin-top: 20px !important;margin-bottom: 70px !important;}&#8221;][vc_column width=&#8221;1\/4&#8243;][vc_column_text][vc_widget_sidebar sidebar_id=&#8221;sidebar&#8221;][\/vc_column_text][\/vc_column][vc_column width=&#8221;3\/4&#8243;][vc_row_inner css=&#8221;.vc_custom_1433820342606{margin-bottom: 0px !important;}&#8221;][vc_column_inner width=&#8221;1\/2&#8243; css=&#8221;.vc_custom_1433820353046{margin-bottom: 50px !important;}&#8221;][vc_custom_heading text=&#8221;QUEM SOMOS N\u00d3S?&#8221; font_container=&#8221;tag:h2|font_size:20|text_align:left&#8221; el_class=&#8221;heading-title-3&#8243;][vc_column_text] Desde sua funda\u00e7\u00e3o, a Arteleste tem constru\u00eddo sua reputa\u00e7\u00e3o como uma executora\u00a0 obras de arte especiais e obras pesadas em geral. O Sucesso da Arteleste est\u00e1 na dedica\u00e7\u00e3o da empresa em satisfazer seus clientes [&hellip;]<\/p>\n","protected":false},"author":1,"featured_media":0,"parent":61,"menu_order":0,"comment_status":"closed","ping_status":"closed","template":"","meta":{"footnotes":""},"class_list":["post-73958","page","type-page","status-publish","hentry"],"yoast_head":"<!-- This site is optimized with the Yoast SEO plugin v25.1 - https:\/\/yoast.com\/wordpress\/plugins\/seo\/ -->\n<title>Sobre N\u00f3s - Arteleste Constru\u00e7\u00f5es<\/title>\n<meta name=\"robots\" content=\"index, follow, max-snippet:-1, max-image-preview:large, max-video-preview:-1\" \/>\n<link rel=\"canonical\" href=\"http:\/\/arteleste.com.br\/?page_id=73958\" \/>\n<meta property=\"og:locale\" content=\"pt_BR\" \/>\n<meta property=\"og:type\" content=\"article\" \/>\n<meta property=\"og:title\" content=\"Sobre N\u00f3s - Arteleste Constru\u00e7\u00f5es\" \/>\n<meta property=\"og:description\" content=\"[vc_row css=&#8221;.vc_custom_1433564288626{margin-top: 20px !important;margin-bottom: 70px !important;}&#8221;][vc_column width=&#8221;1\/4&#8243;][vc_column_text][vc_widget_sidebar sidebar_id=&#8221;sidebar&#8221;][\/vc_column_text][\/vc_column][vc_column width=&#8221;3\/4&#8243;][vc_row_inner css=&#8221;.vc_custom_1433820342606{margin-bottom: 0px !important;}&#8221;][vc_column_inner width=&#8221;1\/2&#8243; css=&#8221;.vc_custom_1433820353046{margin-bottom: 50px !important;}&#8221;][vc_custom_heading text=&#8221;QUEM SOMOS N\u00d3S?&#8221; font_container=&#8221;tag:h2|font_size:20|text_align:left&#8221; el_class=&#8221;heading-title-3&#8243;][vc_column_text] Desde sua funda\u00e7\u00e3o, a Arteleste tem constru\u00eddo sua reputa\u00e7\u00e3o como uma executora\u00a0 obras de arte especiais e obras pesadas em geral. O Sucesso da Arteleste est\u00e1 na dedica\u00e7\u00e3o da empresa em satisfazer seus clientes [&hellip;]\" \/>\n<meta property=\"og:url\" content=\"http:\/\/arteleste.com.br\/?page_id=73958\" \/>\n<meta property=\"og:site_name\" content=\"Arteleste Constru\u00e7\u00f5es\" \/>\n<meta property=\"article:publisher\" content=\"https:\/\/www.facebook.com\/Arteleste.Brasil\" \/>\n<meta property=\"article:modified_time\" content=\"2023-04-18T16:13:30+00:00\" \/>\n<meta property=\"og:image\" content=\"https:\/\/arteleste.com.br\/wp-content\/uploads\/2015\/05\/foto-thiago.jpg\" \/>\n<meta name=\"twitter:card\" content=\"summary_large_image\" \/>\n<meta name=\"twitter:label1\" content=\"Est. tempo de leitura\" \/>\n\t<meta name=\"twitter:data1\" content=\"3 minutos\" \/>\n<script type=\"application\/ld+json\" class=\"yoast-schema-graph\">{\"@context\":\"https:\/\/schema.org\",\"@graph\":[{\"@type\":\"WebPage\",\"@id\":\"http:\/\/arteleste.com.br\/?page_id=73958\",\"url\":\"http:\/\/arteleste.com.br\/?page_id=73958\",\"name\":\"Sobre N\u00f3s - Arteleste Constru\u00e7\u00f5es\",\"isPartOf\":{\"@id\":\"http:\/\/arteleste.com.br\/#website\"},\"primaryImageOfPage\":{\"@id\":\"http:\/\/arteleste.com.br\/?page_id=73958#primaryimage\"},\"image\":{\"@id\":\"http:\/\/arteleste.com.br\/?page_id=73958#primaryimage\"},\"thumbnailUrl\":\"https:\/\/arteleste.com.br\/wp-content\/uploads\/2015\/05\/foto-thiago.jpg\",\"datePublished\":\"2015-05-28T14:54:07+00:00\",\"dateModified\":\"2023-04-18T16:13:30+00:00\",\"breadcrumb\":{\"@id\":\"http:\/\/arteleste.com.br\/?page_id=73958#breadcrumb\"},\"inLanguage\":\"pt-BR\",\"potentialAction\":[{\"@type\":\"ReadAction\",\"target\":[\"http:\/\/arteleste.com.br\/?page_id=73958\"]}]},{\"@type\":\"ImageObject\",\"inLanguage\":\"pt-BR\",\"@id\":\"http:\/\/arteleste.com.br\/?page_id=73958#primaryimage\",\"url\":\"http:\/\/arteleste.com.br\/wp-content\/uploads\/2015\/05\/foto-thiago.jpg\",\"contentUrl\":\"http:\/\/arteleste.com.br\/wp-content\/uploads\/2015\/05\/foto-thiago.jpg\",\"width\":420,\"height\":280},{\"@type\":\"BreadcrumbList\",\"@id\":\"http:\/\/arteleste.com.br\/?page_id=73958#breadcrumb\",\"itemListElement\":[{\"@type\":\"ListItem\",\"position\":1,\"name\":\"In\u00edcio\",\"item\":\"http:\/\/arteleste.com.br\/\"},{\"@type\":\"ListItem\",\"position\":2,\"name\":\"A Empresa\",\"item\":\"https:\/\/arteleste.com.br\/?page_id=61\"},{\"@type\":\"ListItem\",\"position\":3,\"name\":\"Sobre N\u00f3s\"}]},{\"@type\":\"WebSite\",\"@id\":\"http:\/\/arteleste.com.br\/#website\",\"url\":\"http:\/\/arteleste.com.br\/\",\"name\":\"Arteleste Constru\u00e7\u00f5es\",\"description\":\"Constru\u00e7\u00f5es pesadas, especializada em obras de arte especiais e infra-estrutura.\",\"potentialAction\":[{\"@type\":\"SearchAction\",\"target\":{\"@type\":\"EntryPoint\",\"urlTemplate\":\"http:\/\/arteleste.com.br\/?s={search_term_string}\"},\"query-input\":{\"@type\":\"PropertyValueSpecification\",\"valueRequired\":true,\"valueName\":\"search_term_string\"}}],\"inLanguage\":\"pt-BR\"}]}<\/script>\n<!-- \/ Yoast SEO plugin. -->","yoast_head_json":{"title":"Sobre N\u00f3s - Arteleste Constru\u00e7\u00f5es","robots":{"index":"index","follow":"follow","max-snippet":"max-snippet:-1","max-image-preview":"max-image-preview:large","max-video-preview":"max-video-preview:-1"},"canonical":"http:\/\/arteleste.com.br\/?page_id=73958","og_locale":"pt_BR","og_type":"article","og_title":"Sobre N\u00f3s - Arteleste Constru\u00e7\u00f5es","og_description":"[vc_row css=&#8221;.vc_custom_1433564288626{margin-top: 20px !important;margin-bottom: 70px !important;}&#8221;][vc_column width=&#8221;1\/4&#8243;][vc_column_text][vc_widget_sidebar sidebar_id=&#8221;sidebar&#8221;][\/vc_column_text][\/vc_column][vc_column width=&#8221;3\/4&#8243;][vc_row_inner css=&#8221;.vc_custom_1433820342606{margin-bottom: 0px !important;}&#8221;][vc_column_inner width=&#8221;1\/2&#8243; css=&#8221;.vc_custom_1433820353046{margin-bottom: 50px !important;}&#8221;][vc_custom_heading text=&#8221;QUEM SOMOS N\u00d3S?&#8221; font_container=&#8221;tag:h2|font_size:20|text_align:left&#8221; el_class=&#8221;heading-title-3&#8243;][vc_column_text] Desde sua funda\u00e7\u00e3o, a Arteleste tem constru\u00eddo sua reputa\u00e7\u00e3o como uma executora\u00a0 obras de arte especiais e obras pesadas em geral. O Sucesso da Arteleste est\u00e1 na dedica\u00e7\u00e3o da empresa em satisfazer seus clientes [&hellip;]","og_url":"http:\/\/arteleste.com.br\/?page_id=73958","og_site_name":"Arteleste Constru\u00e7\u00f5es","article_publisher":"https:\/\/www.facebook.com\/Arteleste.Brasil","article_modified_time":"2023-04-18T16:13:30+00:00","og_image":[{"url":"https:\/\/arteleste.com.br\/wp-content\/uploads\/2015\/05\/foto-thiago.jpg","type":"","width":"","height":""}],"twitter_card":"summary_large_image","twitter_misc":{"Est. tempo de leitura":"3 minutos"},"schema":{"@context":"https:\/\/schema.org","@graph":[{"@type":"WebPage","@id":"http:\/\/arteleste.com.br\/?page_id=73958","url":"http:\/\/arteleste.com.br\/?page_id=73958","name":"Sobre N\u00f3s - Arteleste Constru\u00e7\u00f5es","isPartOf":{"@id":"http:\/\/arteleste.com.br\/#website"},"primaryImageOfPage":{"@id":"http:\/\/arteleste.com.br\/?page_id=73958#primaryimage"},"image":{"@id":"http:\/\/arteleste.com.br\/?page_id=73958#primaryimage"},"thumbnailUrl":"https:\/\/arteleste.com.br\/wp-content\/uploads\/2015\/05\/foto-thiago.jpg","datePublished":"2015-05-28T14:54:07+00:00","dateModified":"2023-04-18T16:13:30+00:00","breadcrumb":{"@id":"http:\/\/arteleste.com.br\/?page_id=73958#breadcrumb"},"inLanguage":"pt-BR","potentialAction":[{"@type":"ReadAction","target":["http:\/\/arteleste.com.br\/?page_id=73958"]}]},{"@type":"ImageObject","inLanguage":"pt-BR","@id":"http:\/\/arteleste.com.br\/?page_id=73958#primaryimage","url":"http:\/\/arteleste.com.br\/wp-content\/uploads\/2015\/05\/foto-thiago.jpg","contentUrl":"http:\/\/arteleste.com.br\/wp-content\/uploads\/2015\/05\/foto-thiago.jpg","width":420,"height":280},{"@type":"BreadcrumbList","@id":"http:\/\/arteleste.com.br\/?page_id=73958#breadcrumb","itemListElement":[{"@type":"ListItem","position":1,"name":"In\u00edcio","item":"http:\/\/arteleste.com.br\/"},{"@type":"ListItem","position":2,"name":"A Empresa","item":"https:\/\/arteleste.com.br\/?page_id=61"},{"@type":"ListItem","position":3,"name":"Sobre N\u00f3s"}]},{"@type":"WebSite","@id":"http:\/\/arteleste.com.br\/#website","url":"http:\/\/arteleste.com.br\/","name":"Arteleste Constru\u00e7\u00f5es","description":"Constru\u00e7\u00f5es pesadas, especializada em obras de arte especiais e infra-estrutura.","potentialAction":[{"@type":"SearchAction","target":{"@type":"EntryPoint","urlTemplate":"http:\/\/arteleste.com.br\/?s={search_term_string}"},"query-input":{"@type":"PropertyValueSpecification","valueRequired":true,"valueName":"search_term_string"}}],"inLanguage":"pt-BR"}]}},"_links":{"self":[{"href":"http:\/\/arteleste.com.br\/index.php?rest_route=\/wp\/v2\/pages\/73958","targetHints":{"allow":["GET"]}}],"collection":[{"href":"http:\/\/arteleste.com.br\/index.php?rest_route=\/wp\/v2\/pages"}],"about":[{"href":"http:\/\/arteleste.com.br\/index.php?rest_route=\/wp\/v2\/types\/page"}],"author":[{"embeddable":true,"href":"http:\/\/arteleste.com.br\/index.php?rest_route=\/wp\/v2\/users\/1"}],"replies":[{"embeddable":true,"href":"http:\/\/arteleste.com.br\/index.php?rest_route=%2Fwp%2Fv2%2Fcomments&post=73958"}],"version-history":[{"count":30,"href":"http:\/\/arteleste.com.br\/index.php?rest_route=\/wp\/v2\/pages\/73958\/revisions"}],"predecessor-version":[{"id":75868,"href":"http:\/\/arteleste.com.br\/index.php?rest_route=\/wp\/v2\/pages\/73958\/revisions\/75868"}],"up":[{"embeddable":true,"href":"http:\/\/arteleste.com.br\/index.php?rest_route=\/wp\/v2\/pages\/61"}],"wp:attachment":[{"href":"http:\/\/arteleste.com.br\/index.php?rest_route=%2Fwp%2Fv2%2Fmedia&parent=73958"}],"curies":[{"name":"wp","href":"https:\/\/api.w.org\/{rel}","templated":true}]}}