{"id":61,"date":"2015-03-02T04:38:49","date_gmt":"2015-03-02T04:38:49","guid":{"rendered":"http:\/\/structure.thememove.com\/?page_id=61"},"modified":"2017-09-25T19:31:00","modified_gmt":"2017-09-25T19:31:00","slug":"a-empresa","status":"publish","type":"page","link":"http:\/\/arteleste.com.br\/?page_id=61","title":{"rendered":"A Empresa"},"content":{"rendered":"<p>[vc_row css=&#8221;.vc_custom_1433564201242{margin-top: 20px !important;margin-bottom: 70px !important;}&#8221;][vc_column width=&#8221;1\/4&#8243;][vc_column_text][vc_widget_sidebar sidebar_id=&#8221;sidebar&#8221;][\/vc_column_text][\/vc_column][vc_column width=&#8221;3\/4&#8243;][vc_row_inner css=&#8221;.vc_custom_1433561568541{margin-bottom: 50px !important;}&#8221;][vc_column_inner][rev_slider_vc alias=&#8221;about-us&#8221;][\/vc_column_inner][\/vc_row_inner][vc_custom_heading text=&#8221;NOSSA MISS\u00c3O&#8221; font_container=&#8221;tag:h2|font_size:20|text_align:left|color:%23111111&#8243; el_class=&#8221;heading-title-3&#8243; css=&#8221;.vc_custom_1506098114598{margin-top: 30px !important;}&#8221;][vc_row_inner el_class=&#8221;align-center .certifications-block&#8221;][vc_column_inner width=&#8221;1\/3&#8243;][vc_column_text]<img decoding=\"async\" src=\"http:\/\/structure.thememove.com\/data\/homev2\/about03.jpg\" alt=\"\" \/><\/p>\n<h4>QUALIDADE<\/h4>\n<p>Qualidade \u00e9 fundamental para o sucesso do nosso neg\u00f3cio. Satisfaz o cliente, evita o retrabalho e \u00a0\u00e9 o reflexo do que somos por dentro de nossa organiza\u00e7\u00e3o.[\/vc_column_text][\/vc_column_inner][vc_column_inner width=&#8221;1\/3&#8243;][vc_column_text]<img decoding=\"async\" src=\"http:\/\/structure.thememove.com\/data\/homev2\/about04.jpg\" alt=\"\" \/><\/p>\n<h4>RENTABILIDADE<\/h4>\n<p>Toda empresa procura rentabilidade, ela proporciona uma qualidade de vida melhor para nossos empregados, com aumento de sal\u00e1rios, compra de m\u00e1quinas novas e novos patamares para o crescimento da empresa.[\/vc_column_text][\/vc_column_inner][vc_column_inner width=&#8221;1\/3&#8243;][vc_column_text]<img decoding=\"async\" src=\"http:\/\/structure.thememove.com\/data\/homev2\/about05.jpg\" alt=\"\" \/><\/p>\n<h4>EFIC\u00c1CIA<\/h4>\n<p>Tudo isso em procura da efic\u00e1cia, que \u00e9 alcan\u00e7ar o objetivo desejado.[\/vc_column_text][\/vc_column_inner][\/vc_row_inner][vc_custom_heading text=&#8221;NOSSA VIS\u00c3O&#8221; font_container=&#8221;tag:h2|font_size:20|text_align:left|color:%23111111&#8243; el_class=&#8221;heading-title-3&#8243; css=&#8221;.vc_custom_1506099406368{margin-top: 30px !important;}&#8221;][vc_column_text]Ser reconhecida no mercado brasileiro como uma das melhores empresas no ramo de constru\u00e7\u00e3o pesada, especializada em execu\u00e7\u00e3o de obras de arte especiais.[\/vc_column_text][vc_custom_heading text=&#8221;NOSSOS VALORES&#8221; font_container=&#8221;tag:h2|font_size:20|text_align:left|color:%23111111&#8243; el_class=&#8221;heading-title-3&#8243; css=&#8221;.vc_custom_1506099845204{margin-top: 30px !important;}&#8221;][vc_row_inner][vc_column_inner width=&#8221;1\/2&#8243;][vc_column_text]<\/p>\n<figure style=\"width: 80px\" class=\"wp-caption alignnone\"><img loading=\"lazy\" decoding=\"async\" class=\"size-medium\" src=\"https:\/\/arteleste.com.br\/wp-content\/uploads\/2015\/05\/c4.png\" alt=\"agilidade\" width=\"80\" height=\"80\" \/><figcaption class=\"wp-caption-text\"><strong>Agilidade<\/strong><\/p>\n<p><\/figcaption><\/figure>\n<p>[\/vc_column_text][\/vc_column_inner][vc_column_inner width=&#8221;1\/2&#8243;][\/vc_column_inner][\/vc_row_inner][\/vc_column][\/vc_row]<\/p>\n","protected":false},"excerpt":{"rendered":"<p>[vc_row css=&#8221;.vc_custom_1433564201242{margin-top: 20px !important;margin-bottom: 70px !important;}&#8221;][vc_column width=&#8221;1\/4&#8243;][vc_column_text][vc_widget_sidebar sidebar_id=&#8221;sidebar&#8221;][\/vc_column_text][\/vc_column][vc_column width=&#8221;3\/4&#8243;][vc_row_inner css=&#8221;.vc_custom_1433561568541{margin-bottom: 50px !important;}&#8221;][vc_column_inner][rev_slider_vc alias=&#8221;about-us&#8221;][\/vc_column_inner][\/vc_row_inner][vc_custom_heading text=&#8221;NOSSA MISS\u00c3O&#8221; font_container=&#8221;tag:h2|font_size:20|text_align:left|color:%23111111&#8243; el_class=&#8221;heading-title-3&#8243; css=&#8221;.vc_custom_1506098114598{margin-top: 30px !important;}&#8221;][vc_row_inner el_class=&#8221;align-center .certifications-block&#8221;][vc_column_inner width=&#8221;1\/3&#8243;][vc_column_text] QUALIDADE Qualidade \u00e9 fundamental para o sucesso do nosso neg\u00f3cio. Satisfaz o cliente, evita o retrabalho e \u00a0\u00e9 o reflexo do que somos por dentro de nossa organiza\u00e7\u00e3o.[\/vc_column_text][\/vc_column_inner][vc_column_inner width=&#8221;1\/3&#8243;][vc_column_text] RENTABILIDADE Toda empresa [&hellip;]<\/p>\n","protected":false},"author":1,"featured_media":0,"parent":0,"menu_order":0,"comment_status":"closed","ping_status":"closed","template":"","meta":{"footnotes":""},"class_list":["post-61","page","type-page","status-publish","hentry"],"yoast_head":"<!-- This site is optimized with the Yoast SEO plugin v25.1 - https:\/\/yoast.com\/wordpress\/plugins\/seo\/ -->\n<title>A Empresa - Arteleste Constru\u00e7\u00f5es<\/title>\n<meta name=\"robots\" content=\"index, follow, max-snippet:-1, max-image-preview:large, max-video-preview:-1\" \/>\n<link rel=\"canonical\" href=\"https:\/\/arteleste.com.br\/?page_id=61\" \/>\n<meta property=\"og:locale\" content=\"pt_BR\" \/>\n<meta property=\"og:type\" content=\"article\" \/>\n<meta property=\"og:title\" content=\"A Empresa - Arteleste Constru\u00e7\u00f5es\" \/>\n<meta property=\"og:description\" content=\"[vc_row css=&#8221;.vc_custom_1433564201242{margin-top: 20px !important;margin-bottom: 70px !important;}&#8221;][vc_column width=&#8221;1\/4&#8243;][vc_column_text][vc_widget_sidebar sidebar_id=&#8221;sidebar&#8221;][\/vc_column_text][\/vc_column][vc_column width=&#8221;3\/4&#8243;][vc_row_inner css=&#8221;.vc_custom_1433561568541{margin-bottom: 50px !important;}&#8221;][vc_column_inner][rev_slider_vc alias=&#8221;about-us&#8221;][\/vc_column_inner][\/vc_row_inner][vc_custom_heading text=&#8221;NOSSA MISS\u00c3O&#8221; font_container=&#8221;tag:h2|font_size:20|text_align:left|color:%23111111&#8243; el_class=&#8221;heading-title-3&#8243; css=&#8221;.vc_custom_1506098114598{margin-top: 30px !important;}&#8221;][vc_row_inner el_class=&#8221;align-center .certifications-block&#8221;][vc_column_inner width=&#8221;1\/3&#8243;][vc_column_text] QUALIDADE Qualidade \u00e9 fundamental para o sucesso do nosso neg\u00f3cio. Satisfaz o cliente, evita o retrabalho e \u00a0\u00e9 o reflexo do que somos por dentro de nossa organiza\u00e7\u00e3o.[\/vc_column_text][\/vc_column_inner][vc_column_inner width=&#8221;1\/3&#8243;][vc_column_text] RENTABILIDADE Toda empresa [&hellip;]\" \/>\n<meta property=\"og:url\" content=\"https:\/\/arteleste.com.br\/?page_id=61\" \/>\n<meta property=\"og:site_name\" content=\"Arteleste Constru\u00e7\u00f5es\" \/>\n<meta property=\"article:publisher\" content=\"https:\/\/www.facebook.com\/Arteleste.Brasil\" \/>\n<meta property=\"article:modified_time\" content=\"2017-09-25T19:31:00+00:00\" \/>\n<meta property=\"og:image\" content=\"http:\/\/structure.thememove.com\/data\/homev2\/about03.jpg\" \/>\n<meta name=\"twitter:card\" content=\"summary_large_image\" \/>\n<meta name=\"twitter:label1\" content=\"Est. tempo de leitura\" \/>\n\t<meta name=\"twitter:data1\" content=\"2 minutos\" \/>\n<script type=\"application\/ld+json\" class=\"yoast-schema-graph\">{\"@context\":\"https:\/\/schema.org\",\"@graph\":[{\"@type\":\"WebPage\",\"@id\":\"https:\/\/arteleste.com.br\/?page_id=61\",\"url\":\"https:\/\/arteleste.com.br\/?page_id=61\",\"name\":\"A Empresa - Arteleste Constru\u00e7\u00f5es\",\"isPartOf\":{\"@id\":\"http:\/\/arteleste.com.br\/#website\"},\"primaryImageOfPage\":{\"@id\":\"https:\/\/arteleste.com.br\/?page_id=61#primaryimage\"},\"image\":{\"@id\":\"https:\/\/arteleste.com.br\/?page_id=61#primaryimage\"},\"thumbnailUrl\":\"http:\/\/structure.thememove.com\/data\/homev2\/about03.jpg\",\"datePublished\":\"2015-03-02T04:38:49+00:00\",\"dateModified\":\"2017-09-25T19:31:00+00:00\",\"breadcrumb\":{\"@id\":\"https:\/\/arteleste.com.br\/?page_id=61#breadcrumb\"},\"inLanguage\":\"pt-BR\",\"potentialAction\":[{\"@type\":\"ReadAction\",\"target\":[\"https:\/\/arteleste.com.br\/?page_id=61\"]}]},{\"@type\":\"ImageObject\",\"inLanguage\":\"pt-BR\",\"@id\":\"https:\/\/arteleste.com.br\/?page_id=61#primaryimage\",\"url\":\"http:\/\/structure.thememove.com\/data\/homev2\/about03.jpg\",\"contentUrl\":\"http:\/\/structure.thememove.com\/data\/homev2\/about03.jpg\"},{\"@type\":\"BreadcrumbList\",\"@id\":\"https:\/\/arteleste.com.br\/?page_id=61#breadcrumb\",\"itemListElement\":[{\"@type\":\"ListItem\",\"position\":1,\"name\":\"In\u00edcio\",\"item\":\"http:\/\/arteleste.com.br\/\"},{\"@type\":\"ListItem\",\"position\":2,\"name\":\"A Empresa\"}]},{\"@type\":\"WebSite\",\"@id\":\"http:\/\/arteleste.com.br\/#website\",\"url\":\"http:\/\/arteleste.com.br\/\",\"name\":\"Arteleste Constru\u00e7\u00f5es\",\"description\":\"Constru\u00e7\u00f5es pesadas, especializada em obras de arte especiais e infra-estrutura.\",\"potentialAction\":[{\"@type\":\"SearchAction\",\"target\":{\"@type\":\"EntryPoint\",\"urlTemplate\":\"http:\/\/arteleste.com.br\/?s={search_term_string}\"},\"query-input\":{\"@type\":\"PropertyValueSpecification\",\"valueRequired\":true,\"valueName\":\"search_term_string\"}}],\"inLanguage\":\"pt-BR\"}]}<\/script>\n<!-- \/ Yoast SEO plugin. -->","yoast_head_json":{"title":"A Empresa - Arteleste Constru\u00e7\u00f5es","robots":{"index":"index","follow":"follow","max-snippet":"max-snippet:-1","max-image-preview":"max-image-preview:large","max-video-preview":"max-video-preview:-1"},"canonical":"https:\/\/arteleste.com.br\/?page_id=61","og_locale":"pt_BR","og_type":"article","og_title":"A Empresa - Arteleste Constru\u00e7\u00f5es","og_description":"[vc_row css=&#8221;.vc_custom_1433564201242{margin-top: 20px !important;margin-bottom: 70px !important;}&#8221;][vc_column width=&#8221;1\/4&#8243;][vc_column_text][vc_widget_sidebar sidebar_id=&#8221;sidebar&#8221;][\/vc_column_text][\/vc_column][vc_column width=&#8221;3\/4&#8243;][vc_row_inner css=&#8221;.vc_custom_1433561568541{margin-bottom: 50px !important;}&#8221;][vc_column_inner][rev_slider_vc alias=&#8221;about-us&#8221;][\/vc_column_inner][\/vc_row_inner][vc_custom_heading text=&#8221;NOSSA MISS\u00c3O&#8221; font_container=&#8221;tag:h2|font_size:20|text_align:left|color:%23111111&#8243; el_class=&#8221;heading-title-3&#8243; css=&#8221;.vc_custom_1506098114598{margin-top: 30px !important;}&#8221;][vc_row_inner el_class=&#8221;align-center .certifications-block&#8221;][vc_column_inner width=&#8221;1\/3&#8243;][vc_column_text] QUALIDADE Qualidade \u00e9 fundamental para o sucesso do nosso neg\u00f3cio. Satisfaz o cliente, evita o retrabalho e \u00a0\u00e9 o reflexo do que somos por dentro de nossa organiza\u00e7\u00e3o.[\/vc_column_text][\/vc_column_inner][vc_column_inner width=&#8221;1\/3&#8243;][vc_column_text] RENTABILIDADE Toda empresa [&hellip;]","og_url":"https:\/\/arteleste.com.br\/?page_id=61","og_site_name":"Arteleste Constru\u00e7\u00f5es","article_publisher":"https:\/\/www.facebook.com\/Arteleste.Brasil","article_modified_time":"2017-09-25T19:31:00+00:00","og_image":[{"url":"http:\/\/structure.thememove.com\/data\/homev2\/about03.jpg","type":"","width":"","height":""}],"twitter_card":"summary_large_image","twitter_misc":{"Est. tempo de leitura":"2 minutos"},"schema":{"@context":"https:\/\/schema.org","@graph":[{"@type":"WebPage","@id":"https:\/\/arteleste.com.br\/?page_id=61","url":"https:\/\/arteleste.com.br\/?page_id=61","name":"A Empresa - Arteleste Constru\u00e7\u00f5es","isPartOf":{"@id":"http:\/\/arteleste.com.br\/#website"},"primaryImageOfPage":{"@id":"https:\/\/arteleste.com.br\/?page_id=61#primaryimage"},"image":{"@id":"https:\/\/arteleste.com.br\/?page_id=61#primaryimage"},"thumbnailUrl":"http:\/\/structure.thememove.com\/data\/homev2\/about03.jpg","datePublished":"2015-03-02T04:38:49+00:00","dateModified":"2017-09-25T19:31:00+00:00","breadcrumb":{"@id":"https:\/\/arteleste.com.br\/?page_id=61#breadcrumb"},"inLanguage":"pt-BR","potentialAction":[{"@type":"ReadAction","target":["https:\/\/arteleste.com.br\/?page_id=61"]}]},{"@type":"ImageObject","inLanguage":"pt-BR","@id":"https:\/\/arteleste.com.br\/?page_id=61#primaryimage","url":"http:\/\/structure.thememove.com\/data\/homev2\/about03.jpg","contentUrl":"http:\/\/structure.thememove.com\/data\/homev2\/about03.jpg"},{"@type":"BreadcrumbList","@id":"https:\/\/arteleste.com.br\/?page_id=61#breadcrumb","itemListElement":[{"@type":"ListItem","position":1,"name":"In\u00edcio","item":"http:\/\/arteleste.com.br\/"},{"@type":"ListItem","position":2,"name":"A Empresa"}]},{"@type":"WebSite","@id":"http:\/\/arteleste.com.br\/#website","url":"http:\/\/arteleste.com.br\/","name":"Arteleste Constru\u00e7\u00f5es","description":"Constru\u00e7\u00f5es pesadas, especializada em obras de arte especiais e infra-estrutura.","potentialAction":[{"@type":"SearchAction","target":{"@type":"EntryPoint","urlTemplate":"http:\/\/arteleste.com.br\/?s={search_term_string}"},"query-input":{"@type":"PropertyValueSpecification","valueRequired":true,"valueName":"search_term_string"}}],"inLanguage":"pt-BR"}]}},"_links":{"self":[{"href":"http:\/\/arteleste.com.br\/index.php?rest_route=\/wp\/v2\/pages\/61","targetHints":{"allow":["GET"]}}],"collection":[{"href":"http:\/\/arteleste.com.br\/index.php?rest_route=\/wp\/v2\/pages"}],"about":[{"href":"http:\/\/arteleste.com.br\/index.php?rest_route=\/wp\/v2\/types\/page"}],"author":[{"embeddable":true,"href":"http:\/\/arteleste.com.br\/index.php?rest_route=\/wp\/v2\/users\/1"}],"replies":[{"embeddable":true,"href":"http:\/\/arteleste.com.br\/index.php?rest_route=%2Fwp%2Fv2%2Fcomments&post=61"}],"version-history":[{"count":12,"href":"http:\/\/arteleste.com.br\/index.php?rest_route=\/wp\/v2\/pages\/61\/revisions"}],"predecessor-version":[{"id":75209,"href":"http:\/\/arteleste.com.br\/index.php?rest_route=\/wp\/v2\/pages\/61\/revisions\/75209"}],"wp:attachment":[{"href":"http:\/\/arteleste.com.br\/index.php?rest_route=%2Fwp%2Fv2%2Fmedia&parent=61"}],"curies":[{"name":"wp","href":"https:\/\/api.w.org\/{rel}","templated":true}]}}